7826?
False
Is 484 a factor of 7841768?
True
Is 356 a factor of 3305104?
True
Does 197 divide 182225?
True
Is 54514 a multiple of 3?
False
Is 11 a factor of 110737?
True
Is 6170164 a multiple of 91?
True
Does 16 divide 461669?
False
Is 6317584 a multiple of 182?
True
Is 257162 a multiple of 43?
False
Does 144 divide 54521?
False
Is 468619 a multiple of 79?
False
Is 590639 a multiple of 29?
False
Is 1021 a factor of 3352964?
True
Does 7 divide 108276?
True
Is 304234 a multiple of 103?
False
Is 9740340 a multiple of 636?
True
Does 43 divide 297130?
True
Does 53 divide 354634?
False
Is 112 a factor of 2426116?
False
Does 243 divide 5510997?
True
Does 85 divide 5030646?
False
Is 27211632 a multiple of 14?
True
Is 58 a factor of 53569?
False
Does 573 divide 12296929?
False
Is 10589011 a multiple of 2201?
True
Is 231766 a multiple of 7?
False
Is 2 a factor of 969?
False
Is 249881 a multiple of 250?
False
Is 1619585 a multiple of 117?
False
Is 2859899 a multiple of 1550?
False
Is 94107 a multiple of 4?
False
Is 322 a factor of 1115655?
False
Is 55 a factor of 355850?
True
Is 59408 a multiple of 26?
False
Does 5 divide 17127?
False
Is 242834 a multiple of 45?
False
Is 1059 a factor of 2895691?
False
Does 917 divide 9798145?
True
Is 3898441 a multiple of 339?
False
Does 64 divide 212998?
False
Is 5427513 a multiple of 203?
False
Does 17 divide 445961?
True
Does 17 divide 14020?
False
Is 219 a factor of 2539634?
False
Does 24 divide 84288?
True
Is 130 a factor of 51870?
True
Is 17 a factor of 215339?
True
Is 31 a factor of 619121?
False
Is 1325933 a multiple of 31?
False
Is 17 a factor of 5449869?
False
Is 28351 a multiple of 23?
False
Is 12 a factor of 674935?
False
Does 25 divide 4061608?
False
Does 58 divide 188649?
False
Does 894 divide 2706138?
True
Is 95 a factor of 652840?
True
Is 19172502 a multiple of 83?
True
Is 122 a factor of 167018?
True
Is 36 a factor of 1620557?
False
Is 748 a factor of 650599?
False
Does 7 divide 98336?
True
Is 281 a factor of 534743?
True
Is 57381 a multiple of 31?
True
Does 9 divide 737652?
False
Is 9018609 a multiple of 520?
False
Does 9 divide 4059?
True
Does 499 divide 2889210?
True
Does 34 divide 6352968?
True
Is 26490 a multiple of 6?
True
Is 116611 a multiple of 3?
False
Is 4592811 a multiple of 61?
False
Is 48986 a multiple of 14?
True
Is 337320 a multiple of 18?
True
Is 346 a factor of 202410?
True
Is 78004 a multiple of 94?
False
Does 19 divide 33098?
True
Does 326 divide 1671120?
False
Does 124 divide 9972305?
False
Does 6 divide 943836?
True
Is 998 a factor of 8408924?
False
Does 100 divide 515583?
False
Is 11 a factor of 124965?
False
Is 11 a factor of 107046?
False
Does 91 divide 14290936?
False
Does 92 divide 28112164?
True
Does 49 divide 84108?
False
Is 4813499 a multiple of 35?
False
Is 614448 a multiple of 68?
True
Is 23715 a multiple of 4?
False
Is 6301914 a multiple of 187?
False
Does 65 divide 85930?
True
Is 1169492 a multiple of 178?
False
Is 2846044 a multiple of 13?
False
Does 245 divide 3571610?
True
Is 14329605 a multiple of 400?
False
Does 10 divide 143320?
True
Is 187419 a multiple of 49?
False
Is 56349 a multiple of 231?
False
Is 194285 a multiple of 86?
False
Is 384772 a multiple of 6?
False
Is 23670 a multiple of 45?
True
Is 2 a factor of 21756?
True
Is 18 a factor of 2131499?
False
Is 187170 a multiple of 51?
True
Does 31 divide 594704?
True
Does 923 divide 2107532?
False
Is 8 a factor of 2574829?
False
Is 42 a factor of 8168142?
False
Does 112 divide 1342096?
True
Is 25 a factor of 3426150?
True
Does 23 divide 1698511?
False
Is 752928 a multiple of 552?
True
Is 970 a factor of 281300?
True
Does 12 divide 16286?
False
Is 433 a factor of 9431606?
True
Is 5974760 a multiple of 40?
True
Does 34 divide 41548?
True
Does 891 divide 1243840?
False
Is 19 a factor of 396084?
False
Does 45 divide 11319660?
True
Is 102600 a multiple of 95?
True
Does 12 divide 1041620?
False
Is 2452395 a multiple of 15?
True
Is 244 a factor of 941551?
False
Does 66 divide 16533924?
True
Is 279 a factor of 2173611?
False
Is 146 a factor of 173501?
False
Is 11906989 a multiple of 16?
False
Is 4387000 a multiple of 200?
True
Is 424260 a multiple of 6?
True
Is 8 a factor of 117104?
True
Is 21 a factor of 2231775?
True
Does 108 divide 2695303?
False
Is 181730 a multiple of 17?
True
Is 45 a factor of 4076127?
False
Is 25605 a multiple of 10?
False
Is 25 a factor of 254243?
False
Does 14 divide 3438806?
True
Is 2656032 a multiple of 17?
False
Does 4 divide 1250516?
True
Is 10 a factor of 26580?
True
Is 5 a factor of 107470?
True
Is 14 a factor of 236363?
False
Is 45837 a multiple of 4?
False
Is 143086 a multiple of 257?
False
Does 60 divide 1865220?
True
Is 9805 a multiple of 53?
True
Is 526855 a multiple of 248?
False
Is 208082 a multiple of 33?
False
Is 254139 a multiple of 93?
False
Does 129 divide 8586?
False
Is 46374 a multiple of 3?
True
Does 9 divide 290988?
True
Is 37664 a multiple of 88?
True
Does 822 divide 1515729?
False
Does 40 divide 123149?
False
Does 257 divide 1132647?
False
Does 69 divide 209001?
True
Is 107117 a multiple of 55?
False
Is 1799660 a multiple of 243?
False
Is 21 a factor of 128894?
False
Is 31812 a multiple of 132?
True
Is 100478 a multiple of 216?
False
Is 23 a factor of 267418?
False
Is 268750 a multiple of 10?
True
Does 113 divide 17549?
False
Is 16 a factor of 78176?
True
Is 71 a factor of 429053?
True
Does 701 divide 636581?
False
Does 157 divide 584644?
False
Does 17 divide 114215?
False
Is 938840 a multiple of 980?
True
Does 87 divide 3311481?
True
Does 16 divide 465325?
False
Is 9 a factor of 554850?
True
Does 633 divide 894946?
False
Is 4 a factor of 917574?
False
Does 260 divide 185120?
True
Is 4470 a multiple of 6?
True
Does 303 divide 12523293?
True
Is 61 a factor of 10858?
True
Is 652916 a multiple of 142?
True
Does 10 divide 3544544?
False
Is 1772733 a multiple of 326?
False
Is 1052370 a multiple of 10?
True
Is 8073190 a multiple of 445?
True
Does 13 divide 185055?
True
Does 15 divide 6414210?
True
Is 18 a factor of 2842686?
True
Is 8 a factor of 1055533?
False
Is 12992625 a multiple of 25?
True
Does 123 divide 2246976?
False
Does 24 divide 13464301?
False
Does 5 divide 712845?
True
Is 46 a factor of 1293505?
False
Is 82 a factor of 5321061?
False
Does 6 divide 184900?
False
Is 919 a multiple of 14?
False
Does 506 divide 5690982?
True
Is 9846 a multiple of 10?
False
Is 76741 a multiple of 19?
True
Is 370 a factor of 16364109?
False
Is 28 a factor of 1472248?
False
Is 15 a factor of 690660?
True
Is 1521356 a multiple of 247?
False
Does 13 divide 14261?
True
Is 9673 even?
False
Is 290 a factor of 10384972?
False
Is 850220 a multiple of 28?
True
Is 8704506 a multiple of 67?
True
Does 218 divide 79272?
False
Is 337519 a multiple of 27?
False
Is 12 a factor of 1332?
True
Is 1218 a factor of 17432016?
True
Is 340860 a multiple of 228?
True
Does 102 divide 182020?
False
Is 362031 a multiple of 44?
False
Is 2929097 a multiple of 31?
True
Does 16 divide 218942?
False
Is 93740 a multiple of 5?
True
Does 107 divide 3081921?
True
Does 143 divide 75361?
True
Is 98868 a multiple of 4?
True
Is 72 a factor of 907751?
False
Is 522359 a multiple of 379?
False
Does 95 divide 908960?
True
Is 7 a factor of 496841?
False
Is 19 a factor of 856482?
True
Does 5 divide 10818?
False
Does 346 divide 144628?
True
Is 32 a factor of 165984?
True
Is 7 a factor of 1084669?
False
Is 2278431 a multiple of 19?
False
Is 151905 a multiple of 247?
True
Is 125 a factor of 66029?
False
Is 5672780 a multiple of 84?
False
Is 192 a factor of 26688?
True
Does 1053 divide 11617315?
False
Is 21 a factor of 291537?
False
Is 54 a factor of 2172096?
True
Is 505 a factor of 804269?
False
Is 81 a factor of 13985?
False
Is 272 a factor of 569840?
True
Is 809476 a multiple of 38?
True
Is 256 a factor of 2923108?
False
Is 2244020 a multiple of 22?
False
Is 9 a factor of 237915?
True
Does 3 divide 5136?
True
Is 926888 a multiple of 185?
False
Does 314 divide 36398?
False
Is 395 a factor of 715740?
True
Is 411700 a multiple of 230?
True
Is 175166 a multiple of 261?
False
Is 994924 a multiple of 293?
False
Does 23 divide 9272915?
False
Is 83 a factor of 132468?
True
Does 35 divide 969570?
True
Does 72 divide 311601?
False
Does 55 d